ommon factor of 160082 and 624.
26
What is the highest common factor of 171 and 504?
9
What is the greatest common factor of 70 and 2189488?
14
What is the greatest common factor of 9 and 9606?
3
What is the greatest common divisor of 490 and 413?
7
What is the highest common factor of 140 and 1665230?
70
Calculate the greatest common divisor of 603258 and 12.
6
What is the greatest common divisor of 55350 and 108?
54
What is the greatest common divisor of 804 and 191955?
201
What is the highest common divisor of 14079 and 15808?
247
Calculate the highest common divisor of 30 and 361695.
15
Calculate the greatest common factor of 11 and 3621277.
11
What is the greatest common factor of 270 and 2510?
10
Calculate the greatest common divisor of 451 and 114185.
41
What is the highest common factor of 15 and 7005?
15
Calculate the highest common factor of 10230 and 264.
66
Calculate the highest common divisor of 21 and 1807932.
21
Calculate the highest common divisor of 1158 and 51338.
386
Calculate the highest common factor of 1146114 and 82.
82
Calculate the greatest common factor of 1292 and 2376634.
646
Calculate the greatest common factor of 272 and 468112.
272
What is the greatest common factor of 68 and 105944?
68
Calculate the highest common divisor of 713 and 8113940.
713
Calculate the highest common divisor of 36 and 1119078.
18
Calculate the greatest common factor of 32269 and 299.
23
Calculate the greatest common divisor of 40 and 162152.
8
Calculate the highest common factor of 196 and 779002.
98
Calculate the highest common factor of 4077 and 1057.
151
Calculate the greatest common factor of 629 and 1924.
37
Calculate the highest common divisor of 244744 and 32.
8
What is the highest common divisor of 52 and 63817?
13
What is the greatest common divisor of 26645 and 65408?
73
What is the highest common divisor of 1848 and 49392?
168
Calculate the greatest common divisor of 20 and 85110.
10
Calculate the highest common divisor of 12797 and 335.
67
What is the greatest common divisor of 149392 and 80?
16
What is the greatest common divisor of 404 and 1236644?
404
Calculate the greatest common factor of 180 and 90020.
20
What is the highest common factor of 1819 and 39576?
17
What is the greatest common divisor of 283816 and 1768?
104
What is the highest common divisor of 1540 and 5460?
140
Calculate the greatest common divisor of 1272911 and 74.
37
Calculate the greatest common factor of 672 and 29792.
224
Calculate the greatest common factor of 1408 and 24684.
44
What is the highest common divisor of 745 and 12955?
5
What is the highest common factor of 928683 and 189?
63
Calculate the highest common factor of 336160 and 10887.
191
What is the greatest common factor of 4788 and 64?
4
Calculate the highest common divisor of 60146 and 290.
58
What is the greatest common factor of 16548 and 1680?
84
Calculate the highest common divisor of 34864 and 48.
16
Calculate the greatest common factor of 10471 and 22923.
283
What is the highest common factor of 2124 and 1368?
36
What is the greatest common factor of 32 and 34108?
4
Calculate the greatest common divisor of 307678 and 21.
7
What is the greatest common divisor of 1536 and 60000?
96
Calculate the greatest common factor of 54000 and 960.
240
What is the greatest common divisor of 397385 and 8010?
445
Calculate the highest common factor of 459 and 48467.
17
Calculate the greatest common factor of 92120 and 1540.
140
What is the highest common divisor of 338 and 143962?
26
Calculate the greatest common factor of 147 and 91630.
49
What is the highest common divisor of 1122 and 142698?
102
Calculate the greatest common factor of 367972 and 88.
44
Calculate the highest common factor of 309 and 47792.
103
What is the highest common factor of 56064 and 832?
64
Calculate the greatest common divisor of 108 and 115686.
18
What is the highest common factor of 8 and 1166584?
8
What is the highest common divisor of 2327 and 8398?
13
What is the greatest common divisor of 55 and 1250590?
55
What is the greatest common divisor of 153 and 58531?
17
What is the greatest common factor of 588 and 4233936?
84
Calculate the highest common factor of 12 and 17044.
4
Calculate the highest common divisor of 118446 and 3306.
114
Calculate the greatest common factor of 6799365 and 45.
45
What is the greatest common factor of 2356 and 1292?
76
What is the highest common divisor of 130 and 125060?
130
What is the highest common divisor of 94018 and 2030?
58
Calculate the highest common factor of 200 and 21625.
25
Calculate the greatest common divisor of 12290 and 15.
5
Calculate the highest common divisor of 9338 and 341504.
1334
Calculate the greatest common divisor of 7176 and 10994.
46
Calculate the highest common divisor of 6 and 131.
1
What is the greatest common divisor of 5785695 and 18?
9
What is the highest common divisor of 126464 and 468?
52
What is the greatest common divisor of 2719 and 2033812?
2719
What is the highest common factor of 3261 and 33?
3
Calculate the greatest common factor of 384 and 150.
6
What is the highest common factor of 475857 and 1665?
333
What is the greatest common factor of 81187 and 19?
19
Calculate the highest common factor of 7580 and 22361.
379
What is the greatest common divisor of 84 and 270102?
42
What is the highest common divisor of 3800 and 4408?
152
Calculate the greatest common factor of 518034 and 6.
6
What is the highest common factor of 2079 and 1080?
27
Calculate the greatest common factor of 9 and 26266689.
9
What is the highest common factor of 10120 and 29920?
440
What is the greatest common factor of 647550 and 18?
18
What is the highest common factor of 1315740 and 60?
60
What is the highest common factor of 108248 and 392?
56
Calculate the highest common divisor of 74661 and 123.
123
What is the greatest common factor of 732 and 52560?
12
What is the greatest common divisor of 1748 and 304?
76
Calculate the highest common divisor of 1183489 and 68.
17
What is the highest common factor of 1599 and 26199?
123
What is the greatest common divisor of 399 and 2128?
133
Calculate the greatest common divisor of 70 and 3473400.
70
What is the highest common factor of 120 and 2127280?
40
What is the highest common divisor of 24 and 20994?
6
What is the highest common factor of 6086 and 782?
34
What is the highest common divisor of 84 and 757524?
12
What is the highest common factor of 1370 and 22742?
274
Calculate the highest common divisor of 9 and 19959.
3
What is the highest common factor of 24 and 199308?
12
What is the greatest common factor of 90 and 1551996?
18
Calculate the greatest common factor of 294938 and 98.
14
Calculate the highest common factor of 816 and 1666.
34
What is the highest common factor of 415833 and 132?
33
What is the highest common divisor of 32757 and 915?
183
Calculate the greatest common factor of 90 and 960270.
30
What is the greatest common factor of 1084 and 12737?
271
What is the highest common factor of 396 and 7227?
99
Calculate the highest common factor of 177930 and 270.
270
Calculate the highest common divisor of 315 and 1708812.
63
What is the highest common divisor of 13673 and 4114?
121
What is the highest common divisor of 2493 and 38503?
277
What is the highest common divisor of 116 and 273992?
116
What is the highest common factor of 524 and 57116?
524
What is the highest common factor of 2730 and 147?
21
Calculate the greatest common factor of 57421 and 13.
13
Calculate the highest common divisor of 1196 and 92.
92
What is the highest common factor of 723898 and 232?
58
What is the greatest common factor of 5863 and 209?
11
Calculate the greatest common factor of 215549 and 3073.
439
What is the highest common factor of 20127 and 12?
3
Calculate the greatest common divisor of 192 and 130656.
96
Calculate the greatest common divisor of 375 and 28965.
15
Calculate the greatest common divisor of 164148 and 12.
12
What is the highest common factor of 420 and 100820?
20
Calculate the highest common divisor of 630 and 31068.
18
What is the highest common divisor of 9734 and 30458?
314
Calculate the greatest common factor of 57 and 668667.
57
Calculate the highest common factor of 102515 and 202.
101
Calculate the gre